{"id":2830,"date":"2024-02-28T21:53:40","date_gmt":"2024-02-28T21:53:40","guid":{"rendered":"https:\/\/dipgis.umsa.bo\/?page_id=2830"},"modified":"2024-02-28T21:53:40","modified_gmt":"2024-02-28T21:53:40","slug":"proyectos-idh-2008","status":"publish","type":"page","link":"https:\/\/dipgis.umsa.bo\/?page_id=2830","title":{"rendered":"PROYECTOS IDH 2008"},"content":{"rendered":"\n<div style=\"height:20px\" aria-hidden=\"true\" class=\"wp-block-spacer\"><\/div>\n\n\n\n<h2 class=\"wp-block-heading\">PROYECTOS IDH GESTI\u00d3N 2008<\/h2>\n\n\n\n<table id=\"tablepress-5\" class=\"tablepress tablepress-id-5\">\n<thead>\n<tr class=\"row-1\">\n\t<th class=\"column-1\"><strong>N\u00b0<\/strong><\/th><th class=\"column-2\"><strong>GESTI\u00d3N IDH<\/strong><\/th><th class=\"column-3\"><strong>FACULTAD<\/strong><\/th><th class=\"column-4\"><strong>INSTITUTO\/ CARRERA<\/strong><\/th><th class=\"column-5\"><strong>PROYECTO<\/strong><\/th><th class=\"column-6\"><strong>COORDINADOR<\/strong><\/th><th class=\"column-7\"><strong>CO &#8211; COORDINADOR<\/strong><\/th>\n<\/tr>\n<\/thead>\n<tbody class=\"row-striping row-hover\">\n<tr class=\"row-2\">\n\t<td class=\"column-1\">1<\/td><td class=\"column-2\">2008<\/td><td class=\"column-3\">AGRONOMIA<\/td><td class=\"column-4\">CARRERA DE AGRONOMIA<\/td><td class=\"column-5\">CIERRE DE LA CADENA PRODUCTIVA LECHERA DE LA GRANJA CHOQUENAIRA, DIFUSION DE LA CONVENIENCIA T\u00c9CNICA ECON\u00d3MICA DEL CIERRE DE LAS CADENAS PRODUCTIVAS LECHERAS EN EL ALTIPLANO Y CAPACITACI\u00d3N EN LAS DIFERENTES TEMATICASRELACIONADAS CON ESTE TEMA A PRODUCTORES ASOCIADOS DE LECHE EN EL ALTIPLANO PACE\u00d1O PARTE II<\/td><td class=\"column-6\">Lic. Edgar Ram\u00f3n Garc\u00eda C\u00e1rdenas <\/td><td class=\"column-7\">&#8211;<\/td>\n<\/tr>\n<tr class=\"row-3\">\n\t<td class=\"column-1\">2<\/td><td class=\"column-2\">2008<\/td><td class=\"column-3\">ARQUITECTURA, ARTES, DISE\u00d1O Y URBANISMO<\/td><td class=\"column-4\">INSTITUTO DE INVESTIGACION Y POSTGRADO DE ARQUITECTURA<\/td><td class=\"column-5\">CENTRO EXPERIMENTAL DE TECNOLOG\u00cdAS ALTERNATIVAS<\/td><td class=\"column-6\">Ing.  Elina Hoyos Rodr\u00edguez<\/td><td class=\"column-7\">&#8211;<\/td>\n<\/tr>\n<tr class=\"row-4\">\n\t<td class=\"column-1\">3<\/td><td class=\"column-2\">2008<\/td><td class=\"column-3\">ARQUITECTURA, ARTES, DISE\u00d1O Y URBANISMO<\/td><td class=\"column-4\">INSTITUTO DE INVESTIGACION Y POSTGRADO DE ARQUITECTURA<\/td><td class=\"column-5\">PLANIFICACI\u00d3N EN EL \u00c1REA AMAZ\u00d3NICA DEL DEPARTAMENTO DE LA PAZ<\/td><td class=\"column-6\">Arq, Jorge Sainz Cardona Ph.D.<\/td><td class=\"column-7\">&#8211;<\/td>\n<\/tr>\n<tr class=\"row-5\">\n\t<td class=\"column-1\">4<\/td><td class=\"column-2\">2008<\/td><td class=\"column-3\">CS. ECONOMICAS Y FINANCIERAS<\/td><td class=\"column-4\">CARRERA DE ECONOM\u00cdA<\/td><td class=\"column-5\">BIBLIOTECA EN BASE A DOCUMENTOS Y HERRAMIENTAS, DE CAR\u00c1CTER GRATUITO, PROVENIENTES DE LA RED INTERNET<\/td><td class=\"column-6\">Lu\u00eds Alberto Castillo Manzur <\/td><td class=\"column-7\">&#8211;<\/td>\n<\/tr>\n<tr class=\"row-6\">\n\t<td class=\"column-1\">5<\/td><td class=\"column-2\">2008<\/td><td class=\"column-3\">CS. ECONOMICAS Y FINANCIERAS<\/td><td class=\"column-4\">INSTITUTO DE INVESTIGACI\u00d3N Y CAPACITACI\u00d3N EN CIENCIAS ADMINISTRATIVAS &#8211; IICCA<\/td><td class=\"column-5\">DIAGNOSTICO Y FORTALECIMIENTO DE LA CAPACITACI\u00d3N DE GESTI\u00d3N EN ORGANIZACIONES ECON\u00d3MICAS CAMPESINAS (OECAS) AGROPECUARIAS DEL DPTO. DE LA PAZ. <\/td><td class=\"column-6\">Lic. Eloina Callejas Llanos <\/td><td class=\"column-7\">&#8211;<\/td>\n<\/tr>\n<tr class=\"row-7\">\n\t<td class=\"column-1\">6<\/td><td class=\"column-2\">2008<\/td><td class=\"column-3\">CS. ECONOMICAS Y FINANCIERAS<\/td><td class=\"column-4\">INSTITUTO DE INVESTIGACI\u00d3N Y CAPACITACI\u00d3N EN CIENCIAS ADMINISTRATIVAS &#8211; IICCA<\/td><td class=\"column-5\">IMPLEMENTACI\u00d3N DEL SISTEMA DE INFORMACI\u00d3N DE CIENCIA, TECNOLOG\u00cdA E INNOVACI\u00d3N PARA EL DPTO. DE LA PAZ.<\/td><td class=\"column-6\">Nm.Sc. Julio Cesar Daleney<\/td><td class=\"column-7\">&#8211;<\/td>\n<\/tr>\n<tr class=\"row-8\">\n\t<td class=\"column-1\">7<\/td><td class=\"column-2\">2008<\/td><td class=\"column-3\">CS. FARMACEUTICAS Y BIOQUIMICAS<\/td><td class=\"column-4\">CARRERA DE QUIMICA<\/td><td class=\"column-5\">INACTIVACION DEL BROMURO DE ETILO MEDIANTE ENERG\u00cdA SOLAR <\/td><td class=\"column-6\">M.Sc. Rolando Santos S\u00e1nchez Monta\u00f1o <\/td><td class=\"column-7\">&#8211;<\/td>\n<\/tr>\n<tr class=\"row-9\">\n\t<td class=\"column-1\">8<\/td><td class=\"column-2\">2008<\/td><td class=\"column-3\">CS. FARMACEUTICAS Y BIOQUIMICAS<\/td><td class=\"column-4\">LABORATORIO DE BIOLOGIA MOLECULAR DEL INSTITUTO SELADIS<\/td><td class=\"column-5\">EFECTOS SOCIO-CULTURALES, GEN\u00c9TICOS, ECOL\u00d3GICOS Y EDIPEMIOLOGICOS DE LAS MIGRACIONES POBLACIONALES HUMANAS<\/td><td class=\"column-6\">Susana Magda Revollo Zepita Ph.D.<\/td><td class=\"column-7\">&#8211;<\/td>\n<\/tr>\n<tr class=\"row-10\">\n\t<td class=\"column-1\">9<\/td><td class=\"column-2\">2008<\/td><td class=\"column-3\">CS. FARMACEUTICAS Y BIOQUIMICAS<\/td><td class=\"column-4\">INSTITUTO DE SERVICIOS DE LABORATORIOS DE DIAGN\u00d3STICO E INVESTIGACI\u00d3N EN SALUD (SELADIS)<\/td><td class=\"column-5\">IDENTIFICACI\u00d3N DE SEPAS RESISTENTES DE MYCOBACTERIUM TUBERCULOSIS A F\u00c1RMACOS ANTITUBERCULOSOS MEDIANTE LA APLICACI\u00d3N DE LA T\u00c9CNICA MOLECULAR PCR A TIEMPO REAL<\/td><td class=\"column-6\">Espada Silva Angelica Maria<\/td><td class=\"column-7\">&#8211;<\/td>\n<\/tr>\n<tr class=\"row-11\">\n\t<td class=\"column-1\">10<\/td><td class=\"column-2\">2008<\/td><td class=\"column-3\">CS. PURAS Y NATURALES<\/td><td class=\"column-4\">CARRERA DE CIENCIAS QUIMICAS<\/td><td class=\"column-5\">ESTUDIOS DE ESPECIES VEGETALES ALIMENTICIAS PROVENIENTES DE LA AMAZONIA DEL DPTO. DE LA PAZ, NORTE PACE\u00d1O (PRIMERA ETAPA)<\/td><td class=\"column-6\">Lic. Galia Chavez Cury<\/td><td class=\"column-7\">Lic. Maria Del Carmen Abela \/ Lic. Willy Rendon Porcel <\/td>\n<\/tr>\n<tr class=\"row-12\">\n\t<td class=\"column-1\">11<\/td><td class=\"column-2\">2008<\/td><td class=\"column-3\">CS. PURAS Y NATURALES<\/td><td class=\"column-4\">CARRERA DE MATEM\u00c1TICAS<\/td><td class=\"column-5\">INCUBADORA DE EMPRESAS DE BASE TECNOL\u00d3GICA &#8211; UMSA<\/td><td class=\"column-6\">M.Sc. Miriam Mallea Morales <\/td><td class=\"column-7\">&#8211;<\/td>\n<\/tr>\n<tr class=\"row-13\">\n\t<td class=\"column-1\">12<\/td><td class=\"column-2\">2008<\/td><td class=\"column-3\">CS. PURAS Y NATURALES<\/td><td class=\"column-4\">CARRERA DE QUIMICA<\/td><td class=\"column-5\">PROCESAMIENTO DE CATALIZADORES EN DESUSO DE LA INDUSTRIA PETROQU\u00cdMICA PARA LA RECUPERACI\u00d3N DE METALES VALIOSOS<\/td><td class=\"column-6\">Lic.  German Llanos Rojas<\/td><td class=\"column-7\">&#8211;<\/td>\n<\/tr>\n<tr class=\"row-14\">\n\t<td class=\"column-1\">13<\/td><td class=\"column-2\">2008<\/td><td class=\"column-3\">CS. PURAS Y NATURALES<\/td><td class=\"column-4\">INSTITUTO DE ECOLOGIA<\/td><td class=\"column-5\">CARACTERIZACI\u00d3N Y CULTIVO DE HONGOS MICORRIZICOS ASOCIADOS A ORQU\u00cdDEAS EPIFITAS DEL GENERO MASDEVALLIA DEL PARQUE NACIONAL Y \u00c1REA NATURAL DE MANEJO INTEGRADO COTAPATA (PN-ANMI COTAPATA)<\/td><td class=\"column-6\">Ing. Jorge \u00c1ngel Nicol\u00e1s Quezada Portugal <\/td><td class=\"column-7\">&#8211;<\/td>\n<\/tr>\n<tr class=\"row-15\">\n\t<td class=\"column-1\">14<\/td><td class=\"column-2\">2008<\/td><td class=\"column-3\">CS. PURAS Y NATURALES<\/td><td class=\"column-4\">INSTITUTO DE INVESTIGACIONES QU\u00cdMICAS <\/td><td class=\"column-5\">ELABORACI\u00d3N  DE UNA POMADA EN FORMA GAL\u00c9NICA Y FARMAC\u00c9UTICA CON EL PRINCIPIO ACTIVO DEL MATICO<\/td><td class=\"column-6\">M.Sc. Juan Carlos Santelices Gomez <\/td><td class=\"column-7\">&#8211;<\/td>\n<\/tr>\n<tr class=\"row-16\">\n\t<td class=\"column-1\">15<\/td><td class=\"column-2\">2008<\/td><td class=\"column-3\">CS. PURAS Y NATURALES<\/td><td class=\"column-4\">INSTITUTO DE INVESTIGACIONES QU\u00cdMICAS <\/td><td class=\"column-5\">PRODUCCI\u00d3N DE PRINCIPIOS ACTIVOS A NIVEL PLANTA PILOTO<\/td><td class=\"column-6\">Jos\u00e9 Lu\u00eds Vila Castro Ph.D.<\/td><td class=\"column-7\">&#8211;<\/td>\n<\/tr>\n<tr class=\"row-17\">\n\t<td class=\"column-1\">16<\/td><td class=\"column-2\">2008<\/td><td class=\"column-3\">CS. PURAS Y NATURALES<\/td><td class=\"column-4\">INSTITUTO DE INVESTIGACIONES QU\u00cdMICAS <\/td><td class=\"column-5\">PRODUCTOS FITOTERAPEUTICOS Y COSM\u00c9TICOS DE PLANTAS NATIVAS DE BOLIVIA (PARTE II)<\/td><td class=\"column-6\"> Giovana Rocio Almanza Vega Ph.D.<\/td><td class=\"column-7\">&#8211;<\/td>\n<\/tr>\n<tr class=\"row-18\">\n\t<td class=\"column-1\">17<\/td><td class=\"column-2\">2008<\/td><td class=\"column-3\">CS. PURAS Y NATURALES<\/td><td class=\"column-4\">POSTGRADO EN INFORMATICA<\/td><td class=\"column-5\">AN\u00c1LISIS Y DISE\u00d1O DE UN MODELO DE IMPLEMENTACI\u00d3N DE CIUDADES DIGITALES<\/td><td class=\"column-6\">M.Sc. Elizabeth Garcia Escalante <\/td><td class=\"column-7\">&#8211;<\/td>\n<\/tr>\n<tr class=\"row-19\">\n\t<td class=\"column-1\">18<\/td><td class=\"column-2\">2008<\/td><td class=\"column-3\">CS. SOCIALES<\/td><td class=\"column-4\">CARRERA DE TRABAJO SOCIAL<\/td><td class=\"column-5\">PROLONGACI\u00d3N DE ESTUDIOS UNIVERSITARIOS DE PRE-GRADO EN LAS CARRERAS DE TRABAJO SOCIAL, DEL SISTEMA PUBLICO UNIVERSITARIO BOLIVIA<\/td><td class=\"column-6\">M.Sc. Isabel Villarroel Mur<\/td><td class=\"column-7\">&#8211;<\/td>\n<\/tr>\n<tr class=\"row-20\">\n\t<td class=\"column-1\">19<\/td><td class=\"column-2\">2008<\/td><td class=\"column-3\">CS. SOCIALES<\/td><td class=\"column-4\">INSTITUTO DE INVESTIGACIONES ANTROPOLOGICAS Y ARQUEOLOGICAS<\/td><td class=\"column-5\">ESTRUCTURAS E INTERACCIONES FAMILIARES EN EL \u00c1MBITO URBANO DE LA PAZ, EL ALTO, COCHABAMBA Y SANTA CRUZ<\/td><td class=\"column-6\">Lic. Claudia Vincenty Zoto<\/td><td class=\"column-7\">Lic. Luis A. Castedo Zapata<\/td>\n<\/tr>\n<tr class=\"row-21\">\n\t<td class=\"column-1\">20<\/td><td class=\"column-2\">2008<\/td><td class=\"column-3\">CS. SOCIALES<\/td><td class=\"column-4\">INSTITUTO DE SOCIOLOG\u00cdA<\/td><td class=\"column-5\">ESTUDIO DE OPINION PUBLICA: ANALISIS DE LAS PERCEPCIONES POLITICASY COMPORTAMIENTO ELECTORAL ELECCIONES GENERALES 2009<\/td><td class=\"column-6\">Lic. Oscar Reynaldo Vargas Del Carpio Ribert <\/td><td class=\"column-7\">&#8211;<\/td>\n<\/tr>\n<tr class=\"row-22\">\n\t<td class=\"column-1\">21<\/td><td class=\"column-2\">2008<\/td><td class=\"column-3\">CS. SOCIALES<\/td><td class=\"column-4\">INSTITUTO DE SOCIOLOG\u00cdA<\/td><td class=\"column-5\">MEDIO AMBIENTE Y SOCIEDADES EN LAS CIUDADES DE BOLIVIA<\/td><td class=\"column-6\">Lic. Susana Tania Diaz Cuentas<\/td><td class=\"column-7\">&#8211;<\/td>\n<\/tr>\n<tr class=\"row-23\">\n\t<td class=\"column-1\">22<\/td><td class=\"column-2\">2008<\/td><td class=\"column-3\">DERECHO Y CS. POLITICAS<\/td><td class=\"column-4\">CARRERA DE CIENCIAS POLITICAS<\/td><td class=\"column-5\">FORTALECIMIENTO Y APOYO A LA GOBERNABILIDAD EN LOS MUNICIPIOS DEL DPTO.DE LA PAZ <\/td><td class=\"column-6\">Lic. Julio Ballivian Rios<\/td><td class=\"column-7\">&#8211;<\/td>\n<\/tr>\n<tr class=\"row-24\">\n\t<td class=\"column-1\">23<\/td><td class=\"column-2\">2008<\/td><td class=\"column-3\">HUMANIDADES Y CS. DE LA EDUCACION<\/td><td class=\"column-4\">CARRERA DE LING\u00dc\u00cdSTICA E HISTORIA<\/td><td class=\"column-5\">DESARROLLO DEL L\u00c9XICO EN EL IDIOMA AYMARA<\/td><td class=\"column-6\">Dr. Ignacio Apaza Apaza<\/td><td class=\"column-7\">&#8211;<\/td>\n<\/tr>\n<tr class=\"row-25\">\n\t<td class=\"column-1\">24<\/td><td class=\"column-2\">2008<\/td><td class=\"column-3\">HUMANIDADES Y CS. DE LA EDUCACION<\/td><td class=\"column-4\">CARRERA DE LITERATURA<\/td><td class=\"column-5\">LA LITERATURA BOLIVIANA CONTEMPOR\u00c1NEA Y LA CULTURA DE LA DEMOCRACIA: POES\u00cdA, CUENTO Y NOVELA (1984 &#8211; 2007)<\/td><td class=\"column-6\">M.Sc. Pedro Omar Rocha Velasco <\/td><td class=\"column-7\">Lic. Cleverth Carlos C\u00e1rdenas Plaza <\/td>\n<\/tr>\n<tr class=\"row-26\">\n\t<td class=\"column-1\">25<\/td><td class=\"column-2\">2008<\/td><td class=\"column-3\">HUMANIDADES Y CS. DE LA EDUCACION<\/td><td class=\"column-4\">CARRERA DE TURISMO<\/td><td class=\"column-5\">INVENTARIACION Y JERAQUIZACION DEL PATRIMONIO TUR\u00cdSTICO NATURAL Y SOCIO-CULTURAL DEL DPTO. DE LA PAZ<\/td><td class=\"column-6\">Caero Miranda Dante Enrique<\/td><td class=\"column-7\">&#8211;<\/td>\n<\/tr>\n<tr class=\"row-27\">\n\t<td class=\"column-1\">26<\/td><td class=\"column-2\">2008<\/td><td class=\"column-3\">INGENIERIA<\/td><td class=\"column-4\">CARRERA DE INGENIERIA INDUSTRIAL<\/td><td class=\"column-5\">CENTRO DE INNOVACI\u00d3N Y DESARROLLO EMPRESARIAL <\/td><td class=\"column-6\">Ing. Jorge Marcelo Velasco Tudela<\/td><td class=\"column-7\">&#8211;<\/td>\n<\/tr>\n<tr class=\"row-28\">\n\t<td class=\"column-1\">27<\/td><td class=\"column-2\">2008<\/td><td class=\"column-3\">INGENIERIA<\/td><td class=\"column-4\">CARRERA DE INGENIERIA INDUSTRIAL<\/td><td class=\"column-5\">DIFUSI\u00d3N DE LA INFORMACI\u00d3N TECNOL\u00d3GICA Y EMPRESARIAL MEDIANTE RADIO Y LA TELEVISI\u00d3N UNIVERSITARIA, PARA PROMOVER LA COMPETITIVIDAD PRODUCTIVA DE LOS MUNICIPIOS Y DEL SECTOR MICROEMPRESAARIAL DE LA PAZ Y EL ALTO<\/td><td class=\"column-6\">Ing. Juan Carlos Ignacio Garzon <\/td><td class=\"column-7\">&#8211;<\/td>\n<\/tr>\n<tr class=\"row-29\">\n\t<td class=\"column-1\">28<\/td><td class=\"column-2\">2008<\/td><td class=\"column-3\">INGENIERIA<\/td><td class=\"column-4\">CARRERA DE INGENIERIA INDUSTRIAL<\/td><td class=\"column-5\">INVESTIGACI\u00d3N DEL PROCESO DE OBTENCI\u00d3N DE BIOCOMBUSTIBLE A PARTIR DE LA CA\u00d1A DE AZ\u00daCAR EN LA PROVINCIA ITURRALDE <\/td><td class=\"column-6\">Ing. Gabriel Franklin Balta Montenegro<\/td><td class=\"column-7\">&#8211;<\/td>\n<\/tr>\n<tr class=\"row-30\">\n\t<td class=\"column-1\">29<\/td><td class=\"column-2\">2008<\/td><td class=\"column-3\">INGENIERIA<\/td><td class=\"column-4\">CARRERA DE INGENIERIA INDUSTRIAL<\/td><td class=\"column-5\">RECUPERACI\u00d3N Y REVALORIZACI\u00d3N DE LA ARTESAN\u00cdA PRODUCIDA POR LOS PUEBLOS ORIGINARIOS DEL DPTO. DE LA PAZ <\/td><td class=\"column-6\">Lic. Hernan Alfredo Calizaya Jimenez<\/td><td class=\"column-7\">&#8211;<\/td>\n<\/tr>\n<tr class=\"row-31\">\n\t<td class=\"column-1\">30<\/td><td class=\"column-2\">2008<\/td><td class=\"column-3\">INGENIERIA<\/td><td class=\"column-4\">IIDEPROQ<\/td><td class=\"column-5\">TECNOLOG\u00cdA DE OBTENCI\u00d3N DEL CLORURO DE POTASIO DE LOS SALARES<\/td><td class=\"column-6\">Ing. Alfonso Guarachi Ayaviri <\/td><td class=\"column-7\">&#8211;<\/td>\n<\/tr>\n<tr class=\"row-32\">\n\t<td class=\"column-1\">31<\/td><td class=\"column-2\">2008<\/td><td class=\"column-3\">INGENIERIA<\/td><td class=\"column-4\">INSTITUTO DE INVESTIGACION Y DESARROLLO DE PROCESOS QUIMICOS<\/td><td class=\"column-5\">ADECUACION TECNLOGICA Y ESTUDIO DE PREFACTIBILIDAD PARA LA PRODUCCION INDUSTRIAL DE LITIO METALICO<\/td><td class=\"column-6\">M.Sc. Ing. Roberto Parra Zeballos<\/td><td class=\"column-7\">&#8211;<\/td>\n<\/tr>\n<tr class=\"row-33\">\n\t<td class=\"column-1\">32<\/td><td class=\"column-2\">2008<\/td><td class=\"column-3\">INGENIERIA<\/td><td class=\"column-4\">INSTITUTO DE INVESTIGACIONES INDUSTRIALES<\/td><td class=\"column-5\">PROYECTO DE FORTALECIMIENTO T\u00c9CNICO AL PRODUCTOR TEZTIL DE FIBRA ANDINA, PRIMERA PARTE<\/td><td class=\"column-6\">M.Sc. Ing. Oswaldo Fernando Teran Modregon<\/td><td class=\"column-7\">&#8211;<\/td>\n<\/tr>\n<tr class=\"row-34\">\n\t<td class=\"column-1\">33<\/td><td class=\"column-2\">2008<\/td><td class=\"column-3\">INGENIERIA<\/td><td class=\"column-4\">INSTITUTO DE INVESTIGACIONES M\u00c9CANICAS<\/td><td class=\"column-5\">DESARROLLO TECNOL\u00d3GICO DEL DIAGNOSTICO T\u00c9CNICO DE MAQUINARIA PRODUCTIVA MEDIANTE LA EVALUACION Y ANALISIS DE LA CONTAMINACION EN LUBRICANTES<\/td><td class=\"column-6\">M.Sc. Ing. Jose Luis Hernandez Quisbert <\/td><td class=\"column-7\">&#8211;<\/td>\n<\/tr>\n<tr class=\"row-35\">\n\t<td class=\"column-1\">34<\/td><td class=\"column-2\">2008<\/td><td class=\"column-3\">INGENIERIA<\/td><td class=\"column-4\">INSTITUTO DE INVESTIGACIONES M\u00c9CANICAS<\/td><td class=\"column-5\">APROPIACI\u00d3N DE LA TRANSFERENCIA TECNOLOG\u00cdA PARA LA PRODUCCI\u00d3N DE BATER\u00cdAS DE LITIO EN AUTOM\u00d3VILES H\u00cdBRIDOS<\/td><td class=\"column-6\">M.Sc. Ing. Jorege Garzon Arteaga<\/td><td class=\"column-7\">&#8211;<\/td>\n<\/tr>\n<tr class=\"row-36\">\n\t<td class=\"column-1\">35<\/td><td class=\"column-2\">2008<\/td><td class=\"column-3\">INGENIERIA<\/td><td class=\"column-4\">INSTITUTO DE INVESTIGACIONES M\u00c9CANICAS<\/td><td class=\"column-5\">DESARROLLO TECNOL\u00d3GICO DEL MEZCLADOR GAS NATURAL &#8211; DIESEL OIL EN EL SISTEMA DE CONVERSI\u00d3N BIO COMBUSTIBLE, POR LA INTEGRACI\u00d3N AIRE-GAS EN MOTORES DE ENCENDIDO POR COMPRESI\u00d3N.<\/td><td class=\"column-6\">M.Sc. Ing. Oscar Febo Flores Meneces <\/td><td class=\"column-7\">&#8211;<\/td>\n<\/tr>\n<tr class=\"row-37\">\n\t<td class=\"column-1\">36<\/td><td class=\"column-2\">2008<\/td><td class=\"column-3\">INGENIERIA<\/td><td class=\"column-4\">INSTITUTO DE INVESTIGACIONES M\u00c9CANICAS<\/td><td class=\"column-5\">INSTALACION PILOTO DE UN CENTRO MODELO DE INSPECCION TECNICA VEHICULAR<\/td><td class=\"column-6\">M.Sc. Ing. Vicente Guerreros Torrez <\/td><td class=\"column-7\">&#8211;<\/td>\n<\/tr>\n<tr class=\"row-38\">\n\t<td class=\"column-1\">37<\/td><td class=\"column-2\">2008<\/td><td class=\"column-3\">MEDICINA, ENFERMERIA, NUTRICION Y TECNOLOGIA MEDICA<\/td><td class=\"column-4\">IINSAD<\/td><td class=\"column-5\">DETERMINACI\u00d3N DE LOS IMPACTOS SANITARIOS DE LA REDUCCI\u00d3N DE LA DISPONIBILIDAD Y LA CONTAMINACI\u00d3N DE AGUA DE CONSUMO HUMANO, DISE\u00d1O Y PLANTEAMIENTO DE MEDIDAS, ESTRATEGIAS Y POL\u00cdTICAS PILOTO DE REDUCCI\u00d3N DE IMPACTO EN EL MUNICIPIO DE ANCORAIMES DEL DPTO. D<\/td><td class=\"column-6\">Dra. Marilyn Silvia Aparicio Efen <\/td><td class=\"column-7\">&#8211;<\/td>\n<\/tr>\n<tr class=\"row-39\">\n\t<td class=\"column-1\">38<\/td><td class=\"column-2\">2008<\/td><td class=\"column-3\">MEDICINA, ENFERMERIA, NUTRICION Y TECNOLOGIA MEDICA<\/td><td class=\"column-4\">IINSAD<\/td><td class=\"column-5\">IMPACTO SOCIAL Y SU RELACI\u00d3N CON PREVALEC\u00cdA DEL CONSUMO DE DROGAS EN ESTUDIANTES UNIVERSITARIOS DE LAS CIUDADES DE LA PAZ Y EL ALTO<\/td><td class=\"column-6\">Dra. Maria Del Pilar Navia Bueno <\/td><td class=\"column-7\">&#8211;<\/td>\n<\/tr>\n<tr class=\"row-40\">\n\t<td class=\"column-1\">39<\/td><td class=\"column-2\">2008<\/td><td class=\"column-3\">MEDICINA, ENFERMERIA, NUTRICION Y TECNOLOGIA MEDICA<\/td><td class=\"column-4\">INSTITUTO DE GEN\u00c9TICA<\/td><td class=\"column-5\">EVALUACI\u00d3N DE LAS PROPIEDADES PROTECTORAS DE CUATRO ALIMENTOS ANDINOS SOBRE EL ESTR\u00c9S OXIDATIVO Y EL DA\u00d1O INDUCIDO AL DNA Y DETERMINACI\u00d3N DEL ESTADO NUTRICIONAL Y CONSUMO ALIMENTARIO DE LAS FAMILIAS DE LURIBAY Y SAPAHAQUI<\/td><td class=\"column-6\">M.Sc. Maria Eugenia Ascarrunz Gonz\u00e1les <\/td><td class=\"column-7\">&#8211;<\/td>\n<\/tr>\n<tr class=\"row-41\">\n\t<td class=\"column-1\">40<\/td><td class=\"column-2\">2008<\/td><td class=\"column-3\">TECNOLOGIA<\/td><td class=\"column-4\">CARRERA DE QUIMICA INDUSTRIAL<\/td><td class=\"column-5\">IMPLEMENTACION DE PRODUCCION MAS LIMPIA EN LA INDUSTRIA<\/td><td class=\"column-6\">Lic. William Nazario Saire Kantuta <\/td><td class=\"column-7\">&#8211;<\/td>\n<\/tr>\n<tr class=\"row-42\">\n\t<td class=\"column-1\">41<\/td><td class=\"column-2\">2008<\/td><td class=\"column-3\">TECNOLOGIA<\/td><td class=\"column-4\">INSTITUTO DE INVESTIGACIONES Y APLICACIONES TECNOLOGICAS &#8211; IIAT<\/td><td class=\"column-5\">DISE\u00d1O E IMPLEMENTACI\u00d3N DE UN SISTEMA DE RIEGO POR GOTEO EN \u00c1REAS RURALES DEL DPTO. DE LA PAZ<\/td><td class=\"column-6\">Ing. Marco Antonio Ruiz Guti\u00e9rrez <\/td><td class=\"column-7\">Lic. Arturo Reynaga Nava<\/td>\n<\/tr>\n<\/tbody>\n<\/table>\n<!-- #tablepress-5 from cache -->","protected":false},"excerpt":{"rendered":"<p>PROYECTOS IDH GESTI\u00d3N 2008<\/p>\n","protected":false},"author":1,"featured_media":0,"parent":0,"menu_order":0,"comment_status":"closed","ping_status":"closed","template":"","meta":{"_editorskit_title_hidden":false,"_editorskit_reading_time":0,"_editorskit_is_block_options_detached":false,"_editorskit_block_options_position":"{}","advgb_blocks_editor_width":"","advgb_blocks_columns_visual_guide":"","_sitemap_exclude":false,"_sitemap_priority":"","_sitemap_frequency":"","ocean_post_layout":"","ocean_both_sidebars_style":"","ocean_both_sidebars_content_width":0,"ocean_both_sidebars_sidebars_width":0,"ocean_sidebar":"","ocean_second_sidebar":"","ocean_disable_margins":"enable","ocean_add_body_class":"","ocean_shortcode_before_top_bar":"","ocean_shortcode_after_top_bar":"","ocean_shortcode_before_header":"","ocean_shortcode_after_header":"","ocean_has_shortcode":"","ocean_shortcode_after_title":"","ocean_shortcode_before_footer_widgets":"","ocean_shortcode_after_footer_widgets":"","ocean_shortcode_before_footer_bottom":"","ocean_shortcode_after_footer_bottom":"","ocean_display_top_bar":"default","ocean_display_header":"default","ocean_header_style":"","ocean_center_header_left_menu":"","ocean_custom_header_template":"","ocean_custom_logo":0,"ocean_custom_retina_logo":0,"ocean_custom_logo_max_width":0,"ocean_custom_logo_tablet_max_width":0,"ocean_custom_logo_mobile_max_width":0,"ocean_custom_logo_max_height":0,"ocean_custom_logo_tablet_max_height":0,"ocean_custom_logo_mobile_max_height":0,"ocean_header_custom_menu":"","ocean_menu_typo_font_family":"","ocean_menu_typo_font_subset":"","ocean_menu_typo_font_size":0,"ocean_menu_typo_font_size_tablet":0,"ocean_menu_typo_font_size_mobile":0,"ocean_menu_typo_font_size_unit":"px","ocean_menu_typo_font_weight":"","ocean_menu_typo_font_weight_tablet":"","ocean_menu_typo_font_weight_mobile":"","ocean_menu_typo_transform":"","ocean_menu_typo_transform_tablet":"","ocean_menu_typo_transform_mobile":"","ocean_menu_typo_line_height":0,"ocean_menu_typo_line_height_tablet":0,"ocean_menu_typo_line_height_mobile":0,"ocean_menu_typo_line_height_unit":"","ocean_menu_typo_spacing":0,"ocean_menu_typo_spacing_tablet":0,"ocean_menu_typo_spacing_mobile":0,"ocean_menu_typo_spacing_unit":"","ocean_menu_link_color":"","ocean_menu_link_color_hover":"","ocean_menu_link_color_active":"","ocean_menu_link_background":"","ocean_menu_link_hover_background":"","ocean_menu_link_active_background":"","ocean_menu_social_links_bg":"","ocean_menu_social_hover_links_bg":"","ocean_menu_social_links_color":"","ocean_menu_social_hover_links_color":"","ocean_disable_title":"default","ocean_disable_heading":"default","ocean_post_title":"","ocean_post_subheading":"","ocean_post_title_style":"","ocean_post_title_background_color":"","ocean_post_title_background":0,"ocean_post_title_bg_image_position":"","ocean_post_title_bg_image_attachment":"","ocean_post_title_bg_image_repeat":"","ocean_post_title_bg_image_size":"","ocean_post_title_height":0,"ocean_post_title_bg_overlay":0.5,"ocean_post_title_bg_overlay_color":"","ocean_disable_breadcrumbs":"default","ocean_breadcrumbs_color":"","ocean_breadcrumbs_separator_color":"","ocean_breadcrumbs_links_color":"","ocean_breadcrumbs_links_hover_color":"","ocean_display_footer_widgets":"default","ocean_display_footer_bottom":"default","ocean_custom_footer_template":"","cybocfi_hide_featured_image":"","footnotes":""},"class_list":["post-2830","page","type-page","status-publish","hentry","entry"],"coauthors":[],"author_meta":{"author_link":"https:\/\/dipgis.umsa.bo\/?author=1","display_name":"srv_auth_7000"},"relative_dates":{"created":"Publicado 2 a\u00f1os hace","modified":"Actualizado 2 a\u00f1os hace"},"absolute_dates":{"created":"Publicado el 28 de febrero de 2024","modified":"Actualizado el 28 de febrero de 2024"},"absolute_dates_time":{"created":"Publicado el 28 de febrero de 2024 21:53","modified":"Actualizado el 28 de febrero de 2024 21:53"},"featured_img_caption":"","featured_img":false,"series_order":"","_links":{"self":[{"href":"https:\/\/dipgis.umsa.bo\/index.php?rest_route=\/wp\/v2\/pages\/2830","targetHints":{"allow":["GET"]}}],"collection":[{"href":"https:\/\/dipgis.umsa.bo\/index.php?rest_route=\/wp\/v2\/pages"}],"about":[{"href":"https:\/\/dipgis.umsa.bo\/index.php?rest_route=\/wp\/v2\/types\/page"}],"author":[{"embeddable":true,"href":"https:\/\/dipgis.umsa.bo\/index.php?rest_route=\/wp\/v2\/users\/1"}],"replies":[{"embeddable":true,"href":"https:\/\/dipgis.umsa.bo\/index.php?rest_route=%2Fwp%2Fv2%2Fcomments&post=2830"}],"version-history":[{"count":1,"href":"https:\/\/dipgis.umsa.bo\/index.php?rest_route=\/wp\/v2\/pages\/2830\/revisions"}],"predecessor-version":[{"id":2831,"href":"https:\/\/dipgis.umsa.bo\/index.php?rest_route=\/wp\/v2\/pages\/2830\/revisions\/2831"}],"wp:attachment":[{"href":"https:\/\/dipgis.umsa.bo\/index.php?rest_route=%2Fwp%2Fv2%2Fmedia&parent=2830"}],"curies":[{"name":"wp","href":"https:\/\/api.w.org\/{rel}","templated":true}]}}