{"id":2342,"date":"2023-11-21T15:33:14","date_gmt":"2023-11-21T15:33:14","guid":{"rendered":"https:\/\/dipgis.umsa.bo\/?page_id=2342"},"modified":"2023-11-21T15:33:14","modified_gmt":"2023-11-21T15:33:14","slug":"proyecto-cvg-403-secuenciacion-genoma","status":"publish","type":"page","link":"https:\/\/dipgis.umsa.bo\/?page_id=2342","title":{"rendered":"PROYECTO CVG 403 SECUENCIACI\u00d3N GENOMA"},"content":{"rendered":"\n<div style=\"height:20px\" aria-hidden=\"true\" class=\"wp-block-spacer\"><\/div>\n\n\n\n<h2 class=\"wp-block-heading has-medium-font-size\"><strong>PRODUCTOS DEL PROYECTO CVG 403<\/strong><\/h2>\n\n\n\n<div style=\"height:20px\" aria-hidden=\"true\" class=\"wp-block-spacer\"><\/div>\n\n\n\n<div class=\"wp-block-columns is-layout-flex wp-container-core-columns-is-layout-9d6595d7 wp-block-columns-is-layout-flex\">\n<div class=\"wp-block-column is-layout-flow wp-block-column-is-layout-flow\"><div ><div id=\"sp_easy_accordion-1700169177\"><div id=\"sp-ea-2333\" class=\"sp-ea-one sp-easy-accordion\" data-ea-active=\"ea-click\" data-ea-mode=\"vertical\" data-preloader=\"\" data-scroll-active-item=\"\" data-offset-to-scroll=\"0\"><div class=\"ea-card sp-ea-single\"><h3 class=\"ea-header\"><a class=\"collapsed\" id=\"ea-header-23330\" role=\"button\" data-sptoggle=\"spcollapse\" data-sptarget=\"#collapse23330\" aria-controls=\"collapse23330\" href=\"#\" aria-expanded=\"false\" tabindex=\"0\">ANEXO TRES ALIANZAS<\/a><\/h3><div class=\"sp-collapse spcollapse spcollapse\" id=\"collapse23330\" data-parent=\"#sp-ea-2333\" role=\"region\" aria-labelledby=\"ea-header-23330\"> <div class=\"ea-body\"><ul><li><a href=\"https:\/\/dipgis.umsa.bo\/wp-content\/uploads\/2023\/11\/ACUERDO-COOPERACION-FINAL.pdf\">ACUERDO DE COOPERACI\u00d3N INTERINSTITUCIONAL ENTRE EL INSTITUTO SELADIS Y EL INSTITUTO DE INVESTIGACIONES QU\u00cdMICAS (IIQ) Y LA UNIVERSIDAD MAYOR DE SAN ANDR\u00c9S<\/a><\/li><\/ul><\/div><\/div><\/div><div class=\"ea-card sp-ea-single\"><h3 class=\"ea-header\"><a class=\"collapsed\" id=\"ea-header-23331\" role=\"button\" data-sptoggle=\"spcollapse\" data-sptarget=\"#collapse23331\" aria-controls=\"collapse23331\" href=\"#\" aria-expanded=\"false\" tabindex=\"0\">SEMINARIO WEB<\/a><\/h3><div class=\"sp-collapse spcollapse spcollapse\" id=\"collapse23331\" data-parent=\"#sp-ea-2333\" role=\"region\" aria-labelledby=\"ea-header-23331\"> <div class=\"ea-body\"><ul><li><a href=\"https:\/\/dipgis.umsa.bo\/wp-content\/uploads\/2023\/06\/SEMINARIO-FCFB.jpg\">La Facultad de Ciencias Farmac\u00e9uticas y Bioqu\u00edmicas Frente al COVID-19<\/a><\/li><li><a href=\"https:\/\/dipgis.umsa.bo\/wp-content\/uploads\/2023\/06\/SEMINARIO-COE.jpg\">Webinar Virus SARS COV-2 . Variantes en Bolivia y sus Repercuciones.<\/a><\/li><li><a href=\"https:\/\/dipgis.umsa.bo\/wp-content\/uploads\/2023\/06\/SEMINARIO-7.jpg\">Toma y Transporte de Muestra para Diagn\u00f3stico por PCR de SARS COV-2<\/a><\/li><li><a href=\"https:\/\/dipgis.umsa.bo\/wp-content\/uploads\/2023\/06\/SEMINARIO-6.jpg\">COVID-19 Epidemiolog\u00eda, Variantes y Vacunas<\/a><\/li><li><a href=\"https:\/\/dipgis.umsa.bo\/wp-content\/uploads\/2023\/06\/SEMINARIO-5.jpg\">Ciencia con Don Gato<\/a><\/li><li><a href=\"https:\/\/dipgis.umsa.bo\/wp-content\/uploads\/2023\/06\/SEMINARIO-4.jpg\">Variantes del Virus SARS COV-2<\/a><\/li><li><a href=\"https:\/\/dipgis.umsa.bo\/wp-content\/uploads\/2023\/06\/SEMINARIO-3.jpg\">Estudio de Variantes del Coronavirus Presentes en Bolivia<\/a><\/li><\/ul><\/div><\/div><\/div><div class=\"ea-card sp-ea-single\"><h3 class=\"ea-header\"><a class=\"collapsed\" id=\"ea-header-23332\" role=\"button\" data-sptoggle=\"spcollapse\" data-sptarget=\"#collapse23332\" aria-controls=\"collapse23332\" href=\"#\" aria-expanded=\"false\" tabindex=\"0\">MATERIALES DE DIFUSI\u00d3N<\/a><\/h3><div class=\"sp-collapse spcollapse spcollapse\" id=\"collapse23332\" data-parent=\"#sp-ea-2333\" role=\"region\" aria-labelledby=\"ea-header-23332\"> <div class=\"ea-body\">No Content<\/div><\/div><\/div><\/div><\/div><\/div><\/div>\n\n\n\n<div class=\"wp-block-column is-layout-flow wp-block-column-is-layout-flow\">\n<div id=\"section-g79c639\" class=\"wp-block-gutentor-e6 section-g79c639 gutentor-element gutentor-element-image\"><div class=\"gutentor-element-image-box\"><div class=\"gutentor-image-thumb\"><img decoding=\"async\" class=\"normal-image lazyload\" data-src=\"https:\/\/dipgis.umsa.bo\/wp-content\/uploads\/2023\/11\/BANNER-GENOMA.jpg\" src=\"data:image\/svg+xml;base64,PHN2ZyB3aWR0aD0iMSIgaGVpZ2h0PSIxIiB4bWxucz0iaHR0cDovL3d3dy53My5vcmcvMjAwMC9zdmciPjwvc3ZnPg==\" style=\"--smush-placeholder-width: 1213px; --smush-placeholder-aspect-ratio: 1213\/936;\" \/><\/div><\/div><\/div>\n<\/div>\n<\/div>\n<style class=\"advgb-styles-renderer\">#sp-ea-2333 .spcollapsing { height: 0; overflow: hidden; transition-property: height;transition-duration: 300ms;}#sp-ea-2333.sp-easy-accordion>.sp-ea-single {margin-bottom: 10px; border: 1px solid #e2e2e2; }#sp-ea-2333.sp-easy-accordion>.sp-ea-single>.ea-header a {color: #003645;}#sp-ea-2333.sp-easy-accordion>.sp-ea-single>.sp-collapse>.ea-body {background: #fff; color: #444;}#sp-ea-2333.sp-easy-accordion>.sp-ea-single {background: #7aa994;}#sp-ea-2333.sp-easy-accordion>.sp-ea-single>.ea-header a .ea-expand-icon { float: left; color: #444;font-size: 16px;}<\/style>","protected":false},"excerpt":{"rendered":"<p>PRODUCTOS DEL PROYECTO CVG 403<\/p>\n","protected":false},"author":1,"featured_media":0,"parent":0,"menu_order":0,"comment_status":"closed","ping_status":"closed","template":"","meta":{"_editorskit_title_hidden":false,"_editorskit_reading_time":0,"_editorskit_is_block_options_detached":false,"_editorskit_block_options_position":"{}","advgb_blocks_editor_width":"","advgb_blocks_columns_visual_guide":"","_sitemap_exclude":false,"_sitemap_priority":"","_sitemap_frequency":"","ocean_post_layout":"","ocean_both_sidebars_style":"","ocean_both_sidebars_content_width":0,"ocean_both_sidebars_sidebars_width":0,"ocean_sidebar":"","ocean_second_sidebar":"","ocean_disable_margins":"enable","ocean_add_body_class":"","ocean_shortcode_before_top_bar":"","ocean_shortcode_after_top_bar":"","ocean_shortcode_before_header":"","ocean_shortcode_after_header":"","ocean_has_shortcode":"","ocean_shortcode_after_title":"","ocean_shortcode_before_footer_widgets":"","ocean_shortcode_after_footer_widgets":"","ocean_shortcode_before_footer_bottom":"","ocean_shortcode_after_footer_bottom":"","ocean_display_top_bar":"default","ocean_display_header":"default","ocean_header_style":"","ocean_center_header_left_menu":"","ocean_custom_header_template":"","ocean_custom_logo":0,"ocean_custom_retina_logo":0,"ocean_custom_logo_max_width":0,"ocean_custom_logo_tablet_max_width":0,"ocean_custom_logo_mobile_max_width":0,"ocean_custom_logo_max_height":0,"ocean_custom_logo_tablet_max_height":0,"ocean_custom_logo_mobile_max_height":0,"ocean_header_custom_menu":"","ocean_menu_typo_font_family":"","ocean_menu_typo_font_subset":"","ocean_menu_typo_font_size":0,"ocean_menu_typo_font_size_tablet":0,"ocean_menu_typo_font_size_mobile":0,"ocean_menu_typo_font_size_unit":"px","ocean_menu_typo_font_weight":"","ocean_menu_typo_font_weight_tablet":"","ocean_menu_typo_font_weight_mobile":"","ocean_menu_typo_transform":"","ocean_menu_typo_transform_tablet":"","ocean_menu_typo_transform_mobile":"","ocean_menu_typo_line_height":0,"ocean_menu_typo_line_height_tablet":0,"ocean_menu_typo_line_height_mobile":0,"ocean_menu_typo_line_height_unit":"","ocean_menu_typo_spacing":0,"ocean_menu_typo_spacing_tablet":0,"ocean_menu_typo_spacing_mobile":0,"ocean_menu_typo_spacing_unit":"","ocean_menu_link_color":"","ocean_menu_link_color_hover":"","ocean_menu_link_color_active":"","ocean_menu_link_background":"","ocean_menu_link_hover_background":"","ocean_menu_link_active_background":"","ocean_menu_social_links_bg":"","ocean_menu_social_hover_links_bg":"","ocean_menu_social_links_color":"","ocean_menu_social_hover_links_color":"","ocean_disable_title":"default","ocean_disable_heading":"default","ocean_post_title":"","ocean_post_subheading":"","ocean_post_title_style":"","ocean_post_title_background_color":"","ocean_post_title_background":0,"ocean_post_title_bg_image_position":"","ocean_post_title_bg_image_attachment":"","ocean_post_title_bg_image_repeat":"","ocean_post_title_bg_image_size":"","ocean_post_title_height":0,"ocean_post_title_bg_overlay":0.5,"ocean_post_title_bg_overlay_color":"","ocean_disable_breadcrumbs":"default","ocean_breadcrumbs_color":"","ocean_breadcrumbs_separator_color":"","ocean_breadcrumbs_links_color":"","ocean_breadcrumbs_links_hover_color":"","ocean_display_footer_widgets":"default","ocean_display_footer_bottom":"default","ocean_custom_footer_template":"","cybocfi_hide_featured_image":"","footnotes":""},"class_list":["post-2342","page","type-page","status-publish","hentry","entry"],"coauthors":[],"author_meta":{"author_link":"https:\/\/dipgis.umsa.bo\/?author=1","display_name":"srv_auth_7000"},"relative_dates":{"created":"Publicado 2 a\u00f1os hace","modified":"Actualizado 2 a\u00f1os hace"},"absolute_dates":{"created":"Publicado el 21 de noviembre de 2023","modified":"Actualizado el 21 de noviembre de 2023"},"absolute_dates_time":{"created":"Publicado el 21 de noviembre de 2023 15:33","modified":"Actualizado el 21 de noviembre de 2023 15:33"},"featured_img_caption":"","featured_img":false,"series_order":"","_links":{"self":[{"href":"https:\/\/dipgis.umsa.bo\/index.php?rest_route=\/wp\/v2\/pages\/2342","targetHints":{"allow":["GET"]}}],"collection":[{"href":"https:\/\/dipgis.umsa.bo\/index.php?rest_route=\/wp\/v2\/pages"}],"about":[{"href":"https:\/\/dipgis.umsa.bo\/index.php?rest_route=\/wp\/v2\/types\/page"}],"author":[{"embeddable":true,"href":"https:\/\/dipgis.umsa.bo\/index.php?rest_route=\/wp\/v2\/users\/1"}],"replies":[{"embeddable":true,"href":"https:\/\/dipgis.umsa.bo\/index.php?rest_route=%2Fwp%2Fv2%2Fcomments&post=2342"}],"version-history":[{"count":1,"href":"https:\/\/dipgis.umsa.bo\/index.php?rest_route=\/wp\/v2\/pages\/2342\/revisions"}],"predecessor-version":[{"id":2344,"href":"https:\/\/dipgis.umsa.bo\/index.php?rest_route=\/wp\/v2\/pages\/2342\/revisions\/2344"}],"wp:attachment":[{"href":"https:\/\/dipgis.umsa.bo\/index.php?rest_route=%2Fwp%2Fv2%2Fmedia&parent=2342"}],"curies":[{"name":"wp","href":"https:\/\/api.w.org\/{rel}","templated":true}]}}