{"id":1978,"date":"2023-09-07T22:06:15","date_gmt":"2023-09-07T22:06:15","guid":{"rendered":"https:\/\/dipgis.umsa.bo\/?page_id=1978"},"modified":"2024-03-01T16:46:04","modified_gmt":"2024-03-01T16:46:04","slug":"proyectos-idh-2021-2023","status":"publish","type":"page","link":"https:\/\/dipgis.umsa.bo\/?page_id=1978","title":{"rendered":"PROYECTOS IDH 2021 &#8211; 2023"},"content":{"rendered":"\n<div style=\"height:20px\" aria-hidden=\"true\" class=\"wp-block-spacer\"><\/div>\n\n\n\n<h2 class=\"wp-block-heading\">PROYECTOS IDH 2021 &#8211; 2023<\/h2>\n\n\n\n<div style=\"height:20px\" aria-hidden=\"true\" class=\"wp-block-spacer\"><\/div>\n\n\n\n<table id=\"tablepress-10\" class=\"tablepress tablepress-id-10\">\n<thead>\n<tr class=\"row-1\">\n\t<th class=\"column-1\"><strong>N\u00b0<\/strong><\/th><th class=\"column-2\"><strong>GESTI\u00d3N IDH<\/strong><\/th><th class=\"column-3\"><strong>FACULTAD<\/strong><\/th><th class=\"column-4\"><strong>INSTITUTO\/ CARRERA<\/strong><\/th><th class=\"column-5\"><strong>PROYECTO<\/strong><\/th><th class=\"column-6\"><strong>COORDINADOR<\/strong><\/th><th class=\"column-7\"><strong>CO &#8211; COORDINADOR<\/strong><\/th>\n<\/tr>\n<\/thead>\n<tbody class=\"row-striping row-hover\">\n<tr class=\"row-2\">\n\t<td class=\"column-1\">1<\/td><td class=\"column-2\">2021-2023<\/td><td class=\"column-3\">CIENCIAS FARMAC\u00c9UTICAS Y BIOQU\u00cdMICAS<\/td><td class=\"column-4\">INSTITUTO SELADIS<\/td><td class=\"column-5\">AN\u00c1LISIS DE LA INMUNOGENICIDAD DE LAS VACUNAS COVID 19 QUE SE ADMINISTRAN A LA POBLACI\u00d3N, MUNICIPIO DE LA PAZ<\/td><td class=\"column-6\">Jacqueline Calla de Magari\u00f1os, Ph.D.<\/td><td class=\"column-7\">&#8211;<\/td>\n<\/tr>\n<tr class=\"row-3\">\n\t<td class=\"column-1\">2<\/td><td class=\"column-2\">2021-2023<\/td><td class=\"column-3\">CIENCIAS PURAS Y NATURALES<\/td><td class=\"column-4\">INSTITUTO DE BIOLOG\u00cdA MOLECULAR<\/td><td class=\"column-5\">AN\u00c1LISIS DE VARIANTES DE PREOCUPACI\u00d3N E INTER\u00c9S DEL SARS COV 2 POR CARACTERIZACI\u00d3N GEN\u00c9TICA, MUNICIPIO DE LA PAZ<\/td><td class=\"column-6\">Volga I\u00f1iguez Rojas, Ph.D.<\/td><td class=\"column-7\">&#8211;<\/td>\n<\/tr>\n<tr class=\"row-4\">\n\t<td class=\"column-1\">3<\/td><td class=\"column-2\">2021-2023<\/td><td class=\"column-3\">CIENCIAS SOCIALES<\/td><td class=\"column-4\">INSTITUTO DE INVESTIGACIONES SOCIOL\u00d3GICAS<\/td><td class=\"column-5\">AN\u00c1LISIS ESTRATIFICACI\u00d3N Y DESIGUALDAD SOCIAL FRENTE AL COVID 19 Y LA VACUNACI\u00d3N, MUNICIPIO DE LA PAZ<\/td><td class=\"column-6\">M.Sc. F\u00e9lix Ra\u00fal Espa\u00f1a Cuellar<\/td><td class=\"column-7\">&#8211;<\/td>\n<\/tr>\n<tr class=\"row-5\">\n\t<td class=\"column-1\">4<\/td><td class=\"column-2\">2021-2023<\/td><td class=\"column-3\">MEDICINA, ENFERMER\u00cdA, NUTRICI\u00d3N Y TECNOLOG\u00cdA M\u00c9DICA<\/td><td class=\"column-4\">INSTITUTO DE INVESTIGACI\u00d3N EN SALUD Y DESARROLLO<\/td><td class=\"column-5\">INVESTIGACI\u00d3N DE LA EFECTIVIDAD DE LAS VACUNAS SARS COV 2, MUNICIP\u00ccO DE LA PAZ<\/td><td class=\"column-6\">Dr. Carlos Tamayo Caballero<\/td><td class=\"column-7\">M.Sc. Mar\u00eda del Pilar Navia Bueno<\/td>\n<\/tr>\n<tr class=\"row-6\">\n\t<td class=\"column-1\">5<\/td><td class=\"column-2\">2021-2023<\/td><td class=\"column-3\">FACULTAD DE HUMANIDADES<\/td><td class=\"column-4\"><\/td><td class=\"column-5\">AN\u00c1LISIS DEL SUJETO EN RELACI\u00d3N CON EL COVID 19 Y LA VACUNACI\u00d3N, MUNICIPIO DE LA PAZ<\/td><td class=\"column-6\">M.Sc. Mar\u00eda Eugenia Pareja Tejada<\/td><td class=\"column-7\">Lic. Mary Elizabeth Peralta Garc\u00eda<\/td>\n<\/tr>\n<\/tbody>\n<\/table>\n<!-- #tablepress-10 from cache -->","protected":false},"excerpt":{"rendered":"<p>PROYECTOS IDH 2021 &#8211; 2023<\/p>\n","protected":false},"author":1,"featured_media":0,"parent":0,"menu_order":0,"comment_status":"closed","ping_status":"closed","template":"","meta":{"_editorskit_title_hidden":false,"_editorskit_reading_time":0,"_editorskit_is_block_options_detached":false,"_editorskit_block_options_position":"{}","advgb_blocks_editor_width":"","advgb_blocks_columns_visual_guide":"","_sitemap_exclude":false,"_sitemap_priority":"","_sitemap_frequency":"","ocean_post_layout":"","ocean_both_sidebars_style":"","ocean_both_sidebars_content_width":0,"ocean_both_sidebars_sidebars_width":0,"ocean_sidebar":"","ocean_second_sidebar":"","ocean_disable_margins":"enable","ocean_add_body_class":"","ocean_shortcode_before_top_bar":"","ocean_shortcode_after_top_bar":"","ocean_shortcode_before_header":"","ocean_shortcode_after_header":"","ocean_has_shortcode":"","ocean_shortcode_after_title":"","ocean_shortcode_before_footer_widgets":"","ocean_shortcode_after_footer_widgets":"","ocean_shortcode_before_footer_bottom":"","ocean_shortcode_after_footer_bottom":"","ocean_display_top_bar":"default","ocean_display_header":"default","ocean_header_style":"","ocean_center_header_left_menu":"","ocean_custom_header_template":"","ocean_custom_logo":0,"ocean_custom_retina_logo":0,"ocean_custom_logo_max_width":0,"ocean_custom_logo_tablet_max_width":0,"ocean_custom_logo_mobile_max_width":0,"ocean_custom_logo_max_height":0,"ocean_custom_logo_tablet_max_height":0,"ocean_custom_logo_mobile_max_height":0,"ocean_header_custom_menu":"","ocean_menu_typo_font_family":"","ocean_menu_typo_font_subset":"","ocean_menu_typo_font_size":0,"ocean_menu_typo_font_size_tablet":0,"ocean_menu_typo_font_size_mobile":0,"ocean_menu_typo_font_size_unit":"px","ocean_menu_typo_font_weight":"","ocean_menu_typo_font_weight_tablet":"","ocean_menu_typo_font_weight_mobile":"","ocean_menu_typo_transform":"","ocean_menu_typo_transform_tablet":"","ocean_menu_typo_transform_mobile":"","ocean_menu_typo_line_height":0,"ocean_menu_typo_line_height_tablet":0,"ocean_menu_typo_line_height_mobile":0,"ocean_menu_typo_line_height_unit":"","ocean_menu_typo_spacing":0,"ocean_menu_typo_spacing_tablet":0,"ocean_menu_typo_spacing_mobile":0,"ocean_menu_typo_spacing_unit":"","ocean_menu_link_color":"","ocean_menu_link_color_hover":"","ocean_menu_link_color_active":"","ocean_menu_link_background":"","ocean_menu_link_hover_background":"","ocean_menu_link_active_background":"","ocean_menu_social_links_bg":"","ocean_menu_social_hover_links_bg":"","ocean_menu_social_links_color":"","ocean_menu_social_hover_links_color":"","ocean_disable_title":"default","ocean_disable_heading":"default","ocean_post_title":"","ocean_post_subheading":"","ocean_post_title_style":"","ocean_post_title_background_color":"","ocean_post_title_background":0,"ocean_post_title_bg_image_position":"","ocean_post_title_bg_image_attachment":"","ocean_post_title_bg_image_repeat":"","ocean_post_title_bg_image_size":"","ocean_post_title_height":0,"ocean_post_title_bg_overlay":0.5,"ocean_post_title_bg_overlay_color":"","ocean_disable_breadcrumbs":"default","ocean_breadcrumbs_color":"","ocean_breadcrumbs_separator_color":"","ocean_breadcrumbs_links_color":"","ocean_breadcrumbs_links_hover_color":"","ocean_display_footer_widgets":"default","ocean_display_footer_bottom":"default","ocean_custom_footer_template":"","cybocfi_hide_featured_image":"","footnotes":""},"class_list":["post-1978","page","type-page","status-publish","hentry","entry"],"coauthors":[],"author_meta":{"author_link":"https:\/\/dipgis.umsa.bo\/?author=1","display_name":"srv_auth_7000"},"relative_dates":{"created":"Publicado 3 a\u00f1os hace","modified":"Actualizado 2 a\u00f1os hace"},"absolute_dates":{"created":"Publicado el 7 de septiembre de 2023","modified":"Actualizado el 1 de marzo de 2024"},"absolute_dates_time":{"created":"Publicado el 7 de septiembre de 2023 22:06","modified":"Actualizado el 1 de marzo de 2024 16:46"},"featured_img_caption":"","featured_img":false,"series_order":"","_links":{"self":[{"href":"https:\/\/dipgis.umsa.bo\/index.php?rest_route=\/wp\/v2\/pages\/1978","targetHints":{"allow":["GET"]}}],"collection":[{"href":"https:\/\/dipgis.umsa.bo\/index.php?rest_route=\/wp\/v2\/pages"}],"about":[{"href":"https:\/\/dipgis.umsa.bo\/index.php?rest_route=\/wp\/v2\/types\/page"}],"author":[{"embeddable":true,"href":"https:\/\/dipgis.umsa.bo\/index.php?rest_route=\/wp\/v2\/users\/1"}],"replies":[{"embeddable":true,"href":"https:\/\/dipgis.umsa.bo\/index.php?rest_route=%2Fwp%2Fv2%2Fcomments&post=1978"}],"version-history":[{"count":3,"href":"https:\/\/dipgis.umsa.bo\/index.php?rest_route=\/wp\/v2\/pages\/1978\/revisions"}],"predecessor-version":[{"id":2859,"href":"https:\/\/dipgis.umsa.bo\/index.php?rest_route=\/wp\/v2\/pages\/1978\/revisions\/2859"}],"wp:attachment":[{"href":"https:\/\/dipgis.umsa.bo\/index.php?rest_route=%2Fwp%2Fv2%2Fmedia&parent=1978"}],"curies":[{"name":"wp","href":"https:\/\/api.w.org\/{rel}","templated":true}]}}