{"id":1286,"date":"2023-06-12T15:51:41","date_gmt":"2023-06-12T15:51:41","guid":{"rendered":"https:\/\/dipgis.umsa.bo\/?page_id=1286"},"modified":"2023-11-15T20:32:49","modified_gmt":"2023-11-15T20:32:49","slug":"productos-de-proyecto-cvg-415","status":"publish","type":"page","link":"https:\/\/dipgis.umsa.bo\/?page_id=1286","title":{"rendered":"PRODUCTOS DE PROYECTO CVG 415"},"content":{"rendered":"\n<div style=\"height:20px\" aria-hidden=\"true\" class=\"wp-block-spacer\"><\/div>\n\n\n\n<p class=\"has-medium-font-size\"><strong>PRODUCTOS DEL PROYECTO CVG 415<\/strong><\/p>\n\n\n\n<div style=\"height:20px\" aria-hidden=\"true\" class=\"wp-block-spacer\"><\/div>\n\n\n\n<div class=\"wp-block-columns is-layout-flex wp-container-core-columns-is-layout-9d6595d7 wp-block-columns-is-layout-flex\">\n<div class=\"wp-block-column is-layout-flow wp-block-column-is-layout-flow\"><div ><div id=\"sp_easy_accordion-1699384953\"><div id=\"sp-ea-2213\" class=\"sp-ea-one sp-easy-accordion\" data-ea-active=\"ea-click\" data-ea-mode=\"vertical\" data-preloader=\"\" data-scroll-active-item=\"\" data-offset-to-scroll=\"0\"><div class=\"ea-card sp-ea-single\"><h3 class=\"ea-header\"><a class=\"collapsed\" id=\"ea-header-22130\" role=\"button\" data-sptoggle=\"spcollapse\" data-sptarget=\"#collapse22130\" aria-controls=\"collapse22130\" href=\"#\" aria-expanded=\"false\" tabindex=\"0\">LIBRO<\/a><\/h3><div class=\"sp-collapse spcollapse spcollapse\" id=\"collapse22130\" data-parent=\"#sp-ea-2213\" role=\"region\" aria-labelledby=\"ea-header-22130\"> <div class=\"ea-body\"><p><a href=\"https:\/\/dipgis.umsa.bo\/wp-content\/uploads\/2023\/11\/Memoria-CVG415_cp.pdf\"><img decoding=\"async\" class=\"aligncenter wp-image-2217 size-large lazyload\" data-src=\"https:\/\/dipgis.umsa.bo\/wp-content\/uploads\/2023\/11\/PORTADA-3-789x1024.jpg\" alt=\"\" width=\"789\" height=\"1024\" data-srcset=\"https:\/\/dipgis.umsa.bo\/wp-content\/uploads\/2023\/11\/PORTADA-3-789x1024.jpg 789w, https:\/\/dipgis.umsa.bo\/wp-content\/uploads\/2023\/11\/PORTADA-3-231x300.jpg 231w, https:\/\/dipgis.umsa.bo\/wp-content\/uploads\/2023\/11\/PORTADA-3-768x997.jpg 768w, https:\/\/dipgis.umsa.bo\/wp-content\/uploads\/2023\/11\/PORTADA-3.jpg 825w\" data-sizes=\"(max-width: 789px) 100vw, 789px\" src=\"data:image\/svg+xml;base64,PHN2ZyB3aWR0aD0iMSIgaGVpZ2h0PSIxIiB4bWxucz0iaHR0cDovL3d3dy53My5vcmcvMjAwMC9zdmciPjwvc3ZnPg==\" style=\"--smush-placeholder-width: 789px; --smush-placeholder-aspect-ratio: 789\/1024;\" \/><\/a><\/p><h2 style=\"text-align: center\"><a href=\"https:\/\/dipgis.umsa.bo\/wp-content\/uploads\/2023\/11\/Memoria-CVG415_cp.pdf\">CLICK PARA DESCARGAR LA MEMORIA DEL PROYECTO CVG 415 (PDF)<\/a><\/h2><\/div><\/div><\/div><div class=\"ea-card sp-ea-single\"><h3 class=\"ea-header\"><a class=\"collapsed\" id=\"ea-header-22131\" role=\"button\" data-sptoggle=\"spcollapse\" data-sptarget=\"#collapse22131\" aria-controls=\"collapse22131\" href=\"#\" aria-expanded=\"false\" tabindex=\"0\">MANUSCRITO<\/a><\/h3><div class=\"sp-collapse spcollapse spcollapse\" id=\"collapse22131\" data-parent=\"#sp-ea-2213\" role=\"region\" aria-labelledby=\"ea-header-22131\"> <div class=\"ea-body\"><ul><li><a href=\"https:\/\/dipgis.umsa.bo\/wp-content\/uploads\/2023\/11\/Manuscritos-para-Articulos-cientificos-CVG415.pdf\">Manuscritos para Art\u00edculos cient\u00edficos CVG415<\/a><\/li><\/ul><\/div><\/div><\/div><div class=\"ea-card sp-ea-single\"><h3 class=\"ea-header\"><a class=\"collapsed\" id=\"ea-header-22132\" role=\"button\" data-sptoggle=\"spcollapse\" data-sptarget=\"#collapse22132\" aria-controls=\"collapse22132\" href=\"#\" aria-expanded=\"false\" tabindex=\"0\">TEXTO ACAD\u00c9MICO<\/a><\/h3><div class=\"sp-collapse spcollapse spcollapse\" id=\"collapse22132\" data-parent=\"#sp-ea-2213\" role=\"region\" aria-labelledby=\"ea-header-22132\"> <div class=\"ea-body\"><ul><li><a href=\"https:\/\/dipgis.umsa.bo\/wp-content\/uploads\/2023\/11\/INFORME-REMOCION-DE-FOSFATO-CON-ECOLIMO.pdf\">INFORME REMOCI\u00d3N DE FOSFATO CON ECOLIMO<\/a><\/li><li><a href=\"https:\/\/dipgis.umsa.bo\/wp-content\/uploads\/2023\/11\/Listado_de_oferta_de_productos_de_conocimiento_y_tecnologia_CVG-415.pdf\">LISTADO DE OFERTA DE PRODUCTOS DE CONOCIMIENTO\u00a0 y TECNOLOG\u00cdA CVG-415<\/a><\/li><li><a href=\"https:\/\/dipgis.umsa.bo\/wp-content\/uploads\/2023\/11\/PROPUESTA-DE-MONITOREO-LAS-CHOLAS.pdf\">PROPUESTA DE MONITOREO LAS CHOLAS<\/a><\/li><li><a href=\"https:\/\/dipgis.umsa.bo\/wp-content\/uploads\/2023\/11\/PROTOCOLO-DE-MONITOREO-DE-AGUAs-jardin-japones.pdf\">PROTOCOLO DE MONITOREO DE AGUAS JARD\u00cdN JAPON\u00c9S<\/a><\/li><\/ul><\/div><\/div><\/div><div class=\"ea-card sp-ea-single\"><h3 class=\"ea-header\"><a class=\"collapsed\" id=\"ea-header-22133\" role=\"button\" data-sptoggle=\"spcollapse\" data-sptarget=\"#collapse22133\" aria-controls=\"collapse22133\" href=\"#\" aria-expanded=\"false\" tabindex=\"0\">TESIS PREGRADO<\/a><\/h3><div class=\"sp-collapse spcollapse spcollapse\" id=\"collapse22133\" data-parent=\"#sp-ea-2213\" role=\"region\" aria-labelledby=\"ea-header-22133\"> <div class=\"ea-body\"><ul><li><a href=\"https:\/\/dipgis.umsa.bo\/wp-content\/uploads\/2023\/11\/Arano-A.-Alenka-DISENO-BARRERA-PERMEABLE-PG.pdf\">DISE\u00d1O DE UNA BARRERA PERMEABLE PARA REMOCI\u00d3N DE NITRITO Y FOSFATO CON BIOSORBENTES EN LA UNIDAD DE TRATAMIENTO \u201cLAS CHOLAS\u201d\u00a0<\/a><\/li><li><a href=\"https:\/\/dipgis.umsa.bo\/wp-content\/uploads\/2023\/11\/Mamani-G.-Laura-ESTUDIO-DE-BIOSORCION-BATCH.pdf\">ESTUDIO DE BIOSORCION POR PLANTAS MACR\u00d3FITAS SCHOENOPLECTUS CALIFORNICUS (Totora) Y PHRAGMITES AUSTRALIS (Carrizo) PARA DISMINUIR LA CONCENTRACI\u00d3N DE IONES MET\u00c1LICOS EN EL RIO PALLINA (VIACHA)<\/a><\/li><li><a href=\"https:\/\/dipgis.umsa.bo\/wp-content\/uploads\/2023\/11\/Calamani-C.-Carolina-Diseno-de-humedal-artificial-PPG.pdf\">DISE\u00d1O DE HUMEDAL ARTIFICIAL PARA LA LAGUNA DEL JARD\u00cdN JAPON\u00c9S<\/a><\/li><li><a href=\"https:\/\/dipgis.umsa.bo\/wp-content\/uploads\/2023\/11\/Paz.-R.-Alejandra-ESTUDIO-DE-LECHO-FIJO-PPG.pdf\">ESTUDIO A ESCALA LABORATORIO DE UNA COLUMNA DE LECHO FIJO PARA LA REMOCI\u00d3N DE METALES DEL R\u00cdO PALLINA CON BIO-ADSORBENTES DE TOTORA (Schoenoplectus californicus) Y CARRIZO (Phragmites australis)<\/a><\/li><li><a href=\"https:\/\/dipgis.umsa.bo\/wp-content\/uploads\/2023\/11\/Quispe-Jose-A.ESTUDIO-DE-LA-TOTORA-Schoenoplectus-californicus-COMO-FITORREMEDIADOR-POTENCIAL-PARA-TRATAR-MUEST-K02ZTR9H.pdf\">ESTUDIO DE LA TOTORA (Schoenoplectus californicus) COMO FITORREMEDIADOR POTENCIAL PARA TRATAR MUESTRAS DEL RIO PALLINA EN LA CIUDAD DE VIACHA<\/a><\/li><li><a href=\"https:\/\/dipgis.umsa.bo\/wp-content\/uploads\/2023\/11\/Salgado-A.-Katherine-Propuesta-de-un-modeloPPG.pdf\">PROPUESTA DE UN MODELO DE MONITOREO PARTICIPATIVO PARA LA IMPLEMENTACION DE TECNOLOGIAS NO CONVENCIONALES EN EL RIO PALLINA, MUNICIPIO VIACHA DEL DEPARTAMENTO DE LA PAZ<\/a><\/li><li><a href=\"https:\/\/dipgis.umsa.bo\/wp-content\/uploads\/2023\/11\/Ticona-V.-Beimar-ESTUDIO-DE-LA-REMOCION-DE-AMONIO-PPG.pdf\">ESTUDIO DE LA REMOCI\u00d3N DEL AMONIO Y OTROS COMPUESTOS NITROGENADOS MEDIANTE EL USO DE ADSORBENTES NATURALES EN AGUAS RESIDUALES DE LA PTAR (VIACHA)<\/a><\/li><\/ul><\/div><\/div><\/div><div class=\"ea-card sp-ea-single\"><h3 class=\"ea-header\"><a class=\"collapsed\" id=\"ea-header-22134\" role=\"button\" data-sptoggle=\"spcollapse\" data-sptarget=\"#collapse22134\" aria-controls=\"collapse22134\" href=\"#\" aria-expanded=\"false\" tabindex=\"0\">OTROS EVENTOS<\/a><\/h3><div class=\"sp-collapse spcollapse spcollapse\" id=\"collapse22134\" data-parent=\"#sp-ea-2213\" role=\"region\" aria-labelledby=\"ea-header-22134\"> <div class=\"ea-body\"><p><img decoding=\"async\" class=\"aligncenter wp-image-2234 size-large lazyload\" data-src=\"https:\/\/dipgis.umsa.bo\/wp-content\/uploads\/2023\/11\/ANEXO-3-Figura-C.3.-1-Participacion-en-la-actividad-OMATSURI-de-la-Sociedad-Japonesa-de-La-Paz-1024x768.jpg\" alt=\"\" width=\"1024\" height=\"768\" data-srcset=\"https:\/\/dipgis.umsa.bo\/wp-content\/uploads\/2023\/11\/ANEXO-3-Figura-C.3.-1-Participacion-en-la-actividad-OMATSURI-de-la-Sociedad-Japonesa-de-La-Paz-1024x768.jpg 1024w, https:\/\/dipgis.umsa.bo\/wp-content\/uploads\/2023\/11\/ANEXO-3-Figura-C.3.-1-Participacion-en-la-actividad-OMATSURI-de-la-Sociedad-Japonesa-de-La-Paz-300x225.jpg 300w, https:\/\/dipgis.umsa.bo\/wp-content\/uploads\/2023\/11\/ANEXO-3-Figura-C.3.-1-Participacion-en-la-actividad-OMATSURI-de-la-Sociedad-Japonesa-de-La-Paz-768x576.jpg 768w, https:\/\/dipgis.umsa.bo\/wp-content\/uploads\/2023\/11\/ANEXO-3-Figura-C.3.-1-Participacion-en-la-actividad-OMATSURI-de-la-Sociedad-Japonesa-de-La-Paz-1536x1152.jpg 1536w, https:\/\/dipgis.umsa.bo\/wp-content\/uploads\/2023\/11\/ANEXO-3-Figura-C.3.-1-Participacion-en-la-actividad-OMATSURI-de-la-Sociedad-Japonesa-de-La-Paz.jpg 2048w\" data-sizes=\"(max-width: 1024px) 100vw, 1024px\" src=\"data:image\/svg+xml;base64,PHN2ZyB3aWR0aD0iMSIgaGVpZ2h0PSIxIiB4bWxucz0iaHR0cDovL3d3dy53My5vcmcvMjAwMC9zdmciPjwvc3ZnPg==\" style=\"--smush-placeholder-width: 1024px; --smush-placeholder-aspect-ratio: 1024\/768;\" \/><\/p><p style=\"text-align: center\">Participaci\u00f3n en la actividad \u201c OMATSURI\u201d de la Sociedad Japonesa de La Paz<\/p><\/div><\/div><\/div><div class=\"ea-card sp-ea-single\"><h3 class=\"ea-header\"><a class=\"collapsed\" id=\"ea-header-22135\" role=\"button\" data-sptoggle=\"spcollapse\" data-sptarget=\"#collapse22135\" aria-controls=\"collapse22135\" href=\"#\" aria-expanded=\"false\" tabindex=\"0\">FERIAS<\/a><\/h3><div class=\"sp-collapse spcollapse spcollapse\" id=\"collapse22135\" data-parent=\"#sp-ea-2213\" role=\"region\" aria-labelledby=\"ea-header-22135\"> <div class=\"ea-body\"><ul><li><a href=\"https:\/\/dipgis.umsa.bo\/wp-content\/uploads\/2023\/11\/PARTICIPACION-EN-FERIAS.pdf\">PARTICIPACI\u00d3N EN FERIAS<\/a><\/li><\/ul><\/div><\/div><\/div><div class=\"ea-card sp-ea-single\"><h3 class=\"ea-header\"><a class=\"collapsed\" id=\"ea-header-22136\" role=\"button\" data-sptoggle=\"spcollapse\" data-sptarget=\"#collapse22136\" aria-controls=\"collapse22136\" href=\"#\" aria-expanded=\"false\" tabindex=\"0\">MATERIAL IMPRESO<\/a><\/h3><div class=\"sp-collapse spcollapse spcollapse\" id=\"collapse22136\" data-parent=\"#sp-ea-2213\" role=\"region\" aria-labelledby=\"ea-header-22136\"> <div class=\"ea-body\"><ul><li><a href=\"https:\/\/dipgis.umsa.bo\/wp-content\/uploads\/2023\/11\/Adsorcion-biosorcion-y-fitorremediacion.pdf\">Adsorci\u00f3n, biosorci\u00f3n y fitorremediaci\u00f3n<\/a><\/li><li><a href=\"https:\/\/dipgis.umsa.bo\/wp-content\/uploads\/2023\/11\/Bioadsorcion-Contaminantes-Inorganicos.pdf\">Bioadsorci\u00f3n, Contaminantes Inorg\u00e1nicos<\/a><\/li><li><a href=\"https:\/\/dipgis.umsa.bo\/wp-content\/uploads\/2023\/11\/Biosorcion-y-fitorremediacion-para-contaminantes-organicos-e-inorganicos.pdf\">Biosorci\u00f3n y fitorremediaci\u00f3n para contaminantes org\u00e1nicos, e inorg\u00e1nicos<\/a><\/li><li><a href=\"https:\/\/dipgis.umsa.bo\/wp-content\/uploads\/2023\/11\/Boletin-Informativo-1.-Calidad-de-Agua-en-Rio-Pallina-.pdf\">Bolet\u00edn Informativo 1. Calidad de Agua en R\u00edo Pallina<\/a><\/li><li><a href=\"https:\/\/dipgis.umsa.bo\/wp-content\/uploads\/2023\/11\/Calidad-de-agua-de-pallina-chico-.pdf\">Calidad de agua de pallina chico<\/a><\/li><li><a href=\"https:\/\/dipgis.umsa.bo\/wp-content\/uploads\/2023\/11\/Diseno-de-humedales-artificiales.pdf\">Dise\u00f1o de humedales artificiales<\/a><\/li><li><a href=\"https:\/\/dipgis.umsa.bo\/wp-content\/uploads\/2023\/11\/Fitorremediacion-y-adsorcion-de-contaminantes-organicos-inorganicos-y-metalicos.pdf\">Fitorremediaci\u00f3n y adsorci\u00f3n de contaminantes org\u00e1nicos, inorg\u00e1nicos, y met\u00e1licos<\/a><\/li><li><a href=\"https:\/\/dipgis.umsa.bo\/wp-content\/uploads\/2023\/11\/FT-CVG-415.pdf\">FT &#8211; CVG 415<\/a><\/li><li><a href=\"https:\/\/dipgis.umsa.bo\/wp-content\/uploads\/2023\/11\/Linea-Base-de-investigacion.pdf\">Linea Base de investigaci\u00f3n<\/a><\/li><li><a href=\"https:\/\/dipgis.umsa.bo\/wp-content\/uploads\/2023\/11\/Manual-de-la-determinacion-de-la-calidad-de-agua-utilizando-cebollas.pdf\">Manual de la determinaci\u00f3n de la calidad de agua utilizando cebollas<\/a><\/li><li><a href=\"https:\/\/dipgis.umsa.bo\/wp-content\/uploads\/2023\/11\/Modelo-socioambiental-Jardin-Japones.pdf\">Modelo socioambiental Jard\u00edn Japon\u00e9s<\/a><\/li><li><a href=\"https:\/\/dipgis.umsa.bo\/wp-content\/uploads\/2023\/11\/Policy-Brief-CVG-415.pdf\">Policy Brief CVG 415<\/a><\/li><li><a href=\"https:\/\/dipgis.umsa.bo\/wp-content\/uploads\/2023\/11\/Propuesta-de-monitoreo-participativo.pdf\">Propuesta de monitoreo participativo<\/a><\/li><li><a href=\"https:\/\/dipgis.umsa.bo\/wp-content\/uploads\/2023\/11\/Remocion-de-iones-metalicos-Totora-y-Carrizo.pdf\">Remoci\u00f3n de iones met\u00e1licos, Totora y Carrizo<\/a><\/li><li><a href=\"https:\/\/dipgis.umsa.bo\/wp-content\/uploads\/2023\/11\/Soluciones-basadas-en-la-naturaleza-Pallina-Chico.pdf\">Soluciones basadas en la naturaleza, Pallina Chico<\/a><\/li><\/ul><\/div><\/div><\/div><div class=\"ea-card sp-ea-single\"><h3 class=\"ea-header\"><a class=\"collapsed\" id=\"ea-header-22137\" role=\"button\" data-sptoggle=\"spcollapse\" data-sptarget=\"#collapse22137\" aria-controls=\"collapse22137\" href=\"#\" aria-expanded=\"false\" tabindex=\"0\">REDES<\/a><\/h3><div class=\"sp-collapse spcollapse spcollapse\" id=\"collapse22137\" data-parent=\"#sp-ea-2213\" role=\"region\" aria-labelledby=\"ea-header-22137\"> <div class=\"ea-body\"><ul><li><a href=\"https:\/\/dipgis.umsa.bo\/wp-content\/uploads\/2023\/11\/IWA-Asociacion-Internacional-del-Agua.pdf\">IWA Asociaci\u00f3n Internacional del Agua<\/a><\/li><\/ul><\/div><\/div><\/div><\/div><\/div><\/div><\/div>\n\n\n\n<div class=\"wp-block-column is-layout-flow wp-block-column-is-layout-flow\">\n<div id=\"section-g3d5e9c\" class=\"wp-block-gutentor-e6 section-g3d5e9c gutentor-element gutentor-element-image\"><div class=\"gutentor-element-image-box\"><div class=\"gutentor-image-thumb\"><img decoding=\"async\" class=\"normal-image lazyload\" data-src=\"https:\/\/dipgis.umsa.bo\/wp-content\/uploads\/2023\/11\/PORTADA2.jpg\" src=\"data:image\/svg+xml;base64,PHN2ZyB3aWR0aD0iMSIgaGVpZ2h0PSIxIiB4bWxucz0iaHR0cDovL3d3dy53My5vcmcvMjAwMC9zdmciPjwvc3ZnPg==\" style=\"--smush-placeholder-width: 1216px; --smush-placeholder-aspect-ratio: 1216\/935;\" \/><\/div><\/div><\/div>\n<\/div>\n<\/div>\n<style class=\"advgb-styles-renderer\">#sp-ea-2213 .spcollapsing { height: 0; overflow: hidden; transition-property: height;transition-duration: 300ms;}#sp-ea-2213.sp-easy-accordion>.sp-ea-single {margin-bottom: 10px; border: 1px solid #e2e2e2; }#sp-ea-2213.sp-easy-accordion>.sp-ea-single>.ea-header a {color: #444;}#sp-ea-2213.sp-easy-accordion>.sp-ea-single>.sp-collapse>.ea-body {background: #fff; color: #444;}#sp-ea-2213.sp-easy-accordion>.sp-ea-single {background: #eee;}#sp-ea-2213.sp-easy-accordion>.sp-ea-single>.ea-header a .ea-expand-icon { float: left; color: #444;font-size: 16px;}<\/style>","protected":false},"excerpt":{"rendered":"<p>PRODUCTOS DEL PROYECTO CVG 415<\/p>\n","protected":false},"author":1,"featured_media":0,"parent":0,"menu_order":0,"comment_status":"closed","ping_status":"closed","template":"","meta":{"_editorskit_title_hidden":false,"_editorskit_reading_time":0,"_editorskit_is_block_options_detached":false,"_editorskit_block_options_position":"{}","advgb_blocks_editor_width":"","advgb_blocks_columns_visual_guide":"","_sitemap_exclude":false,"_sitemap_priority":"","_sitemap_frequency":"","ocean_post_layout":"","ocean_both_sidebars_style":"","ocean_both_sidebars_content_width":0,"ocean_both_sidebars_sidebars_width":0,"ocean_sidebar":"0","ocean_second_sidebar":"0","ocean_disable_margins":"enable","ocean_add_body_class":"","ocean_shortcode_before_top_bar":"","ocean_shortcode_after_top_bar":"","ocean_shortcode_before_header":"","ocean_shortcode_after_header":"","ocean_has_shortcode":"","ocean_shortcode_after_title":"","ocean_shortcode_before_footer_widgets":"","ocean_shortcode_after_footer_widgets":"","ocean_shortcode_before_footer_bottom":"","ocean_shortcode_after_footer_bottom":"","ocean_display_top_bar":"default","ocean_display_header":"default","ocean_header_style":"","ocean_center_header_left_menu":"0","ocean_custom_header_template":"0","ocean_custom_logo":0,"ocean_custom_retina_logo":0,"ocean_custom_logo_max_width":0,"ocean_custom_logo_tablet_max_width":0,"ocean_custom_logo_mobile_max_width":0,"ocean_custom_logo_max_height":0,"ocean_custom_logo_tablet_max_height":0,"ocean_custom_logo_mobile_max_height":0,"ocean_header_custom_menu":"0","ocean_menu_typo_font_family":"0","ocean_menu_typo_font_subset":"","ocean_menu_typo_font_size":0,"ocean_menu_typo_font_size_tablet":0,"ocean_menu_typo_font_size_mobile":0,"ocean_menu_typo_font_size_unit":"px","ocean_menu_typo_font_weight":"","ocean_menu_typo_font_weight_tablet":"","ocean_menu_typo_font_weight_mobile":"","ocean_menu_typo_transform":"","ocean_menu_typo_transform_tablet":"","ocean_menu_typo_transform_mobile":"","ocean_menu_typo_line_height":0,"ocean_menu_typo_line_height_tablet":0,"ocean_menu_typo_line_height_mobile":0,"ocean_menu_typo_line_height_unit":"","ocean_menu_typo_spacing":0,"ocean_menu_typo_spacing_tablet":0,"ocean_menu_typo_spacing_mobile":0,"ocean_menu_typo_spacing_unit":"","ocean_menu_link_color":"","ocean_menu_link_color_hover":"","ocean_menu_link_color_active":"","ocean_menu_link_background":"","ocean_menu_link_hover_background":"","ocean_menu_link_active_background":"","ocean_menu_social_links_bg":"","ocean_menu_social_hover_links_bg":"","ocean_menu_social_links_color":"","ocean_menu_social_hover_links_color":"","ocean_disable_title":"default","ocean_disable_heading":"default","ocean_post_title":"","ocean_post_subheading":"","ocean_post_title_style":"","ocean_post_title_background_color":"","ocean_post_title_background":0,"ocean_post_title_bg_image_position":"","ocean_post_title_bg_image_attachment":"","ocean_post_title_bg_image_repeat":"","ocean_post_title_bg_image_size":"","ocean_post_title_height":0,"ocean_post_title_bg_overlay":0.5,"ocean_post_title_bg_overlay_color":"","ocean_disable_breadcrumbs":"default","ocean_breadcrumbs_color":"","ocean_breadcrumbs_separator_color":"","ocean_breadcrumbs_links_color":"","ocean_breadcrumbs_links_hover_color":"","ocean_display_footer_widgets":"default","ocean_display_footer_bottom":"default","ocean_custom_footer_template":"0","cybocfi_hide_featured_image":"","footnotes":""},"class_list":["post-1286","page","type-page","status-publish","hentry","entry"],"coauthors":[],"author_meta":{"author_link":"https:\/\/dipgis.umsa.bo\/?author=1","display_name":"srv_auth_7000"},"relative_dates":{"created":"Publicado 3 a\u00f1os hace","modified":"Actualizado 2 a\u00f1os hace"},"absolute_dates":{"created":"Publicado el 12 de junio de 2023","modified":"Actualizado el 15 de noviembre de 2023"},"absolute_dates_time":{"created":"Publicado el 12 de junio de 2023 15:51","modified":"Actualizado el 15 de noviembre de 2023 20:32"},"featured_img_caption":"","featured_img":false,"series_order":"","_links":{"self":[{"href":"https:\/\/dipgis.umsa.bo\/index.php?rest_route=\/wp\/v2\/pages\/1286","targetHints":{"allow":["GET"]}}],"collection":[{"href":"https:\/\/dipgis.umsa.bo\/index.php?rest_route=\/wp\/v2\/pages"}],"about":[{"href":"https:\/\/dipgis.umsa.bo\/index.php?rest_route=\/wp\/v2\/types\/page"}],"author":[{"embeddable":true,"href":"https:\/\/dipgis.umsa.bo\/index.php?rest_route=\/wp\/v2\/users\/1"}],"replies":[{"embeddable":true,"href":"https:\/\/dipgis.umsa.bo\/index.php?rest_route=%2Fwp%2Fv2%2Fcomments&post=1286"}],"version-history":[{"count":5,"href":"https:\/\/dipgis.umsa.bo\/index.php?rest_route=\/wp\/v2\/pages\/1286\/revisions"}],"predecessor-version":[{"id":2296,"href":"https:\/\/dipgis.umsa.bo\/index.php?rest_route=\/wp\/v2\/pages\/1286\/revisions\/2296"}],"wp:attachment":[{"href":"https:\/\/dipgis.umsa.bo\/index.php?rest_route=%2Fwp%2Fv2%2Fmedia&parent=1286"}],"curies":[{"name":"wp","href":"https:\/\/api.w.org\/{rel}","templated":true}]}}